31)/n composite?
True
Suppose 9*t - 39768 = -15*t. Is t composite?
False
Is (1/(-2))/(169/(-9796254)) prime?
False
Let s be (-1)/3 - 7/(-3). Suppose 18 = -3*j + 2*u + 613, 4*j - 798 = -s*u. Is j a prime number?
True
Let c(s) = -s**2 + 7*s - 5. Let n be c(6). Is (n + 2*7)*471/9 a prime number?
False
Suppose 0 = -2*n - 6*n + 24. Suppose -3*w = -5*y + 170, -2*w + 121 = -0*y + n*y. Is y composite?
False
Suppose 2*c + 23880 = 4*g, 2*g - 4*c = 9638 + 2308. Is g prime?
False
Let u = -80 - -462. Let d = u - -205. Is d composite?
False
Suppose 26944 + 152430 = 13*j. Is j a composite number?
True
Suppose -7 = 3*m - 4*k, -5*m - 4*k + 19 = -3*k. Suppose -3*y - m - 1 = 4*w, 4 = 2*y + w. Suppose 3*n = -2*r + y + 37, 5*n = -r + 24. Is r composite?
False
Let y = 41694 - 15155. Is y a prime number?
True
Suppose -45*r + 81430 = -35*r. Is r prime?
False
Let k = 38387 + -22554. Is k composite?
True
Suppose -4 = -3*g + 5. Suppose 17 - 2 = -g*m. Is 2/((-8)/10020*m) a composite number?
True
Let c be 4/16 + 10/(-8). Let r be (c/3)/(3/(-63)). Let q(w) = w**3 - 2*w**2 + 9*w + 1. Is q(r) composite?
True
Suppose 2*j + 4*u + 4 = -2*j, 0 = 5*j + 4*u + 2. Suppose -4*p + 6784 = -4*h, -3383 = -2*p - 3*h + j*h. Is p a prime number?
True
Let f(h) = -4*h - 7. Let s be f(-3). Suppose 5*o + 2*r + 3*r = 5060, 0 = 5*r - s. Is o prime?
False
Let y = -34 + 39. Is (-7496)/(-40) + -3 - (-3)/y a prime number?
False
Let m = 1691 - -862. Let o = -1586 + m. Is o a composite number?
False
Let t = -382 - -581. Let h = 345 - t. Is h a composite number?
True
Suppose -3*u + 89656 = 7*g - 2*g, 0 = -g + 5. Suppose c - 4*h + u = -h, 3*h - 6 = 0. Is c/(-54) + 1/(-6) composite?
True
Suppose 6*a = -3174 + 10296. Is a prime?
True
Let k(a) = 90*a**3 + a**2 - 13*a + 94. Is k(7) a composite number?
True
Suppose 22 = -3*b + 4. Let f(n) = -33*n - 3. Let h be f(b). Let s = 398 - h. Is s a prime number?
False
Is 73 + -70 + 63*1038 a composite number?
True
Let n(o) = 28278*o**3 - 2*o**2 - 3*o + 4. Is n(1) prime?
True
Let t = -632 + 1743. Is t composite?
True
Suppose c - 2147 = 6*u - u, 0 = 2*u - c + 860. Let w = 978 + u. Let r = -212 + w. Is r composite?
False
Suppose -117 = 5*y - 14*y. Suppose 5*g - 6*g = -12. Suppose -y*n + 23 = -g*n. Is n composite?
False
Suppose 0 = -4*u - 2*y + 113676, -3*y - 7*y = 3*u - 85223. Is u composite?
True
Suppose -x + 8800 = -4*h + 3*h, -2*x = -5*h - 17591. Is x prime?
True
Let s be (0/3 - -2) + 1. Suppose 5*q = -s*x + 271, -4*x = 4*q - 203 - 9. Suppose -3*k = -q - 157. Is k a prime number?
True
Let t = 14458 + -6907. Let u = t - 1118. Is u composite?
True
Suppose -62393 = -25*z + 627332. Is z a prime number?
False
Suppose 2*i - 3*i + 2 = 0. Suppose -i*w - 413 = -p, -2*w + 5*w + 1230 = 3*p. Is p prime?
False
Let s = 8940 - 5927. Is s a composite number?
True
Let r(x) = x**2 - 4*x - 8. Let b be 0/((-4)/((-8)/(-6))). Suppose b = u + u - 30. Is r(u) a prime number?
True
Suppose 0 = -j + 55 - 17. Suppose 5*v + 37 + j = 0. Is v/((-1)/(6/9)) a composite number?
True
Suppose -5*g = -22 + 7, 0 = 5*u - 3*g - 74246. Is u a composite number?
False
Let y(b) = -59*b - 6. Let f be y(-14). Suppose 0 = -5*g - 5*h + 675, -3*h + 113 - f = -5*g. Is g composite?
False
Let d(n) = -2*n**3 + 2*n**2 + n**3 - n**2 - 2*n + 4*n**3. Let g be d(-2). Let v = 173 + g. Is v a prime number?
True
Suppose -5*j + 12*j = 28. Suppose 5*c + 5*l - 45 = 0, -4*c = -0*l - l - 51. Suppose j*r = 8*r - c. Is r a composite number?
False
Let n = -637 - 687. Is (-4 + 1)*n*(-3)/(-18) prime?
False
Suppose -2*p = -2*a + 14096, 7036 = -3*a + 4*a - 5*p. Is a a prime number?
False
Let m = -6 - -16. Suppose 2*f + 5 = k, -7*f - 2*k + m = -2*f. Suppose y + f*y = -4*b + 235, -4*b = -2*y + 518. Is y prime?
True
Is (3451/357)/(2/534) prime?
False
Let b be ((-125790)/50)/((-1)/5). Suppose 6*o = 3*o + b. Is 6/(-8) + o/28 prime?
True
Let k = 241 + -114. Is 1/((-1)/1*(-1)/k) a composite number?
False
Let d(f) be the second derivative of -10*f**3 - f**2/2 + f - 14. Suppose 2 = 3*y - 5*y. Is d(y) prime?
True
Let g(c) = -c**3 - 9*c**2 + 3*c + 11. Let l be g(-8). Let x(r) = r - 3. Let z be x(3). Let u = z - l. Is u prime?
False
Let c(y) = 313*y - 4. Let r be c(5). Suppose 185 = 5*l - 2*f - 2414, 0 = -3*l + 2*f + r. Is l a composite number?
True
Let w = 14688 + -8491. Is w prime?
True
Let v be 0*(-4 + 8)/(-4). Suppose -c + 3*c - 822 = v. Is c prime?
False
Let u(x) = 6*x**2 + 3*x - 11. Let c(q) = -5*q**2 - 2*q + 11. Let i(d) = -3*c(d) - 2*u(d). Is i(-6) composite?
False
Let c(b) = 10*b + 14263. Is c(0) a composite number?
True
Suppose -8052 = -3*y - 3*u - 0*u, -4*u = -2*y + 5368. Let o = y - 1716. Let x = 1453 - o. Is x a prime number?
False
Let d(u) = 2*u - 22. Let o be d(9). Is (290 - (-16)/o) + 3 composite?
True
Suppose u = 5*r + 31938, -70813 = -5*u + 2*r + 88831. Suppose 10*d - 2*d - u = 0. Is d a prime number?
False
Suppose k - 4 + 1 = 0. Suppose -2*o = 4*p + 4, 5*p + 10 = -8*o + k*o. Is (-1)/(o + (-1227)/(-615)) composite?
True
Suppose 0 = -3*u + u + 274. Let d = u + -60. Is d prime?
False
Let k = 3695 + -2584. Is k a prime number?
False
Suppose -5*h - 3*r = -16, -2*h + r + 0 = -2. Let q be 60/33 - h/(-11). Is (-2984)/(-16) - q/(-4) a prime number?
False
Let q(v) = -782*v + 193. Is q(-8) prime?
True
Let c(q) = 339*q + 183. Is c(6) a prime number?
False
Suppose 258*w - 270*w + 214044 = 0. Is w prime?
True
Let z be 2/8 + (-506)/8. Let h be z*-1*(1 + 0). Let i = 262 - h. Is i prime?
True
Suppose -n - 44 = 179. Let k = 246 - n. Is k composite?
True
Let g(k) = 17*k**3 - 3*k**2 - 2*k - 3. Let v be g(-2). Let b = 486 + v. Is b a prime number?
False
Let g = -66 - -42. Is 0 + 6/g - 3797/(-4) composite?
True
Suppose -7*z = -25*z + 66294. Is z a prime number?
False
Let y be ((-66)/(-3))/2 - -1. Let n = -9 + y. Suppose n*z = 2*x - 27, -x - x = 5*z - 67. Is x a composite number?
True
Suppose 5 + 11 = 8*s. Is (3/((-36)/(-152)))/(s/6) a prime number?
False
Let t be (-15)/5 - -7 - 1. Is ((-222)/t)/(6/(-9)) composite?
True
Is (106231/123)/((-1)/(-21)) a prime number?
False
Let a = 10 - 6. Let b(f) = 95*f**2 + 4*f - 6. Let v be b(a). Suppose -5*t + v = -5. Is t a prime number?
True
Let p(j) = 11 - 4*j - 4*j**2 + 15*j**2 + 0*j + 3*j. Is p(-10) composite?
True
Suppose 2*g + 12585 = 5*z - 3*g, 0 = -3*z + 4*g + 7548. Let h = z + -605. Is h a composite number?
True
Is (-227)/((-18 - -17)/((-29)/(-1))) composite?
True
Suppose -12*p = -11*p - 3. Suppose 3*q + p*v - 15168 = 0, -3*q + 22746 = 5*v + 7568. Is q composite?
False
Suppose z + t + 17 = 0, 2*z + 2*t = -z - 48. Let x = z - -17. Suppose -w + f + 147 = -f, x*w - 448 = -f. Is w composite?
False
Let w be -9*(34/9 + -4). Suppose c - 5*c = 5*y - 2117, -1051 = -w*c - 5*y. Is c prime?
False
Suppose -2*x + 55247 = f, -8*x + 11*x - 82866 = 3*f. Is x composite?
True
Let j = 15 - 10. Let z = 222 - 31. Suppose -186 = -j*m - 0*w + 4*w, -w + z = 5*m. Is m a composite number?
True
Let t(q) = -q**3 + 3*q**2 + 19*q - 1. Is t(-8) prime?
False
Suppose 0 = i + 6*i - 35. Suppose -i*x - 9415 = -10*x. Is x composite?
True
Suppose -4*z + 12*z = 24. Suppose -y = z*w + y - 481, -y = -5*w + 780. Is w a prime number?
True
Let v(s) = -7*s**3 + 3*s**2 + 8*s - 10. Let p be v(-5). Suppose -843 - p = -3*b. Is b a prime number?
False
Suppose 3*h - 5*t = 6*h - 22067, 5*h + 5*t = 36775. Is h composite?
True
Suppose 978 = 800*p - 794*p. Is p a composite number?
False
Let g(j) = -52*j**2 + 6*j - 1. Let m be g(-6). Suppose 2*i + i + 51 = -3*z, 0 = 3*z - 2*i + 46. Is (-8)/z - m/2 a prime number?
False
Suppose 0 = -2*s - 2, -3*o + 8160 = 5*s + 266. Is o composite?
False
Suppose -i - 49759 = -4*k, -k = k - i - 24881. Is k composite?
True
Let p(j) be the first derivative of -3*j**2/2 + 12*j + 5. Let y be p(6). Is y/9 + (-755)/(-3) a composite number?
False
Let y(p) = 10*p**2 + p + 8. Let w be (-9)/(-6)*32/12. Let s be (-9)/(-6) + (-26)/w. Is y(s) a prime number?
False
Let r(j) = j**3 + 11*j**2 + 8. Let x be r(-11). Let g be (-2)/x + (-492)/16. Let f = g + 53. Is f a composite number?
True
Let k = -9 + 17. Let n be 2/(k + 0)*8. Suppose -n*p + p = -83. Is p a composite number?
False
Let c be (-1)/(-2)*10*(-1)/(-1). Suppose c*v = 7*v - 254. Is v composite?
False
Suppose -3*g + 2981 = -1534. Suppose -k - g = -6*k. Is k a prime number?
False
Suppose -6